when 47 is divided by 12.
11
Calculate the remainder when 282 is divided by 126.
30
What is the remainder when 3717 is divided by 10?
7
Calculate the remainder when 782 is divided by 397.
385
Calculate the remainder when 239 is divided by 40.
39
Calculate the remainder when 4032 is divided by 109.
108
Calculate the remainder when 837 is divided by 25.
12
What is the remainder when 528 is divided by 175?
3
What is the remainder when 2298 is divided by 10?
8
What is the remainder when 113 is divided by 32?
17
What is the remainder when 576 is divided by 170?
66
What is the remainder when 6495 is divided by 203?
202
What is the remainder when 500 is divided by 21?
17
Calculate the remainder when 74 is divided by 13.
9
Calculate the remainder when 324 is divided by 83.
75
What is the remainder when 1449 is divided by 1425?
24
Calculate the remainder when 20037 is divided by 86.
85
Calculate the remainder when 35 is divided by 22.
13
What is the remainder when 142 is divided by 40?
22
Calculate the remainder when 67 is divided by 25.
17
Calculate the remainder when 93 is divided by 34.
25
Calculate the remainder when 455 is divided by 147.
14
What is the remainder when 310 is divided by 12?
10
What is the remainder when 8342 is divided by 107?
103
What is the remainder when 14270 is divided by 16?
14
What is the remainder when 198 is divided by 63?
9
Calculate the remainder when 644 is divided by 72.
68
Calculate the remainder when 828 is divided by 8.
4
Calculate the remainder when 63 is divided by 16.
15
Calculate the remainder when 951 is divided by 198.
159
What is the remainder when 458 is divided by 149?
11
What is the remainder when 74 is divided by 22?
8
Calculate the remainder when 272 is divided by 57.
44
What is the remainder when 218 is divided by 11?
9
What is the remainder when 138 is divided by 102?
36
Calculate the remainder when 67 is divided by 23.
21
Calculate the remainder when 504 is divided by 65.
49
Calculate the remainder when 481 is divided by 97.
93
Calculate the remainder when 1744 is divided by 33.
28
What is the remainder when 316 is divided by 19?
12
What is the remainder when 413 is divided by 32?
29
Calculate the remainder when 38197 is divided by 21.
19
What is the remainder when 732 is divided by 41?
35
What is the remainder when 4119 is divided by 8?
7
What is the remainder when 81 is divided by 51?
30
What is the remainder when 2572 is divided by 23?
19
Calculate the remainder when 86 is divided by 8.
6
What is the remainder when 1611 is divided by 13?
12
What is the remainder when 252 is divided by 29?
20
What is the remainder when 292 is divided by 85?
37
What is the remainder when 612 is divided by 15?
12
Calculate the remainder when 1525 is divided by 736.
53
What is the remainder when 7458 is divided by 20?
18
Calculate the remainder when 370 is divided by 51.
13
Calculate the remainder when 1919 is divided by 117.
47
What is the remainder when 403 is divided by 58?
55
Calculate the remainder when 1236 is divided by 18.
12
Calculate the remainder when 217 is divided by 44.
41
What is the remainder when 544 is divided by 113?
92
Calculate the remainder when 166 is divided by 56.
54
What is the remainder when 96 is divided by 15?
6
Calculate the remainder when 105 is divided by 22.
17
What is the remainder when 748 is divided by 142?
38
Calculate the remainder when 476 is divided by 121.
113
What is the remainder when 219 is divided by 6?
3
What is the remainder when 3272 is divided by 40?
32
Calculate the remainder when 976 is divided by 70.
66
Calculate the remainder when 136 is divided by 64.
8
What is the remainder when 78 is divided by 25?
3
What is the remainder when 160 is divided by 31?
5
What is the remainder when 428 is divided by 16?
12
Calculate the remainder when 10674 is divided by 17.
15
What is the remainder when 38 is divided by 21?
17
What is the remainder when 1234 is divided by 113?
104
What is the remainder when 285 is divided by 16?
13
Calculate the remainder when 2612 is divided by 12.
8
Calculate the remainder when 660 is divided by 83.
79
Calculate the remainder when 4120 is divided by 1371.
7
Calculate the remainder when 143 is divided by 51.
41
Calculate the remainder when 2853 is divided by 68.
65
What is the remainder when 5154 is divided by 9?
6
Calculate the remainder when 1343 is divided by 24.
23
Calculate the remainder when 14 is divided by 3.
2
Calculate the remainder when 251 is divided by 14.
13
What is the remainder when 754 is divided by 63?
61
What is the remainder when 639 is divided by 316?
7
What is the remainder when 11366 is divided by 137?
132
Calculate the remainder when 7257 is divided by 165.
162
What is the remainder when 1685 is divided by 7?
5
Calculate the remainder when 837 is divided by 203.
25
What is the remainder when 3499 is divided by 113?
109
Calculate the remainder when 21 is divided by 10.
1
What is the remainder when 2665 is divided by 18?
1
What is the remainder when 2318 is divided by 86?
82
Calculate the remainder when 351 is divided by 72.
63
Calculate the remainder when 2644 is divided by 21.
19
What is the remainder when 142 is divided by 51?
40
Calculate the remainder when 5427 is divided by 11.
4
What is the remainder when 259 is divided by 13?
12
Calculate the remainder when 292 is divided by 75.
67
What is the remainder when 129 is divided by 126?
3
What is the remainder when 859 is divided by 149?
114
What is the remainder when 934 is divided by 480?
454
What is the remainder when 1499 is divided by 100?
99
Calculate the remainder when 685 is divided by 15.
10
What is the remainder when 2254 is divided by 37?
34
Calculate the remainder when 35881 is divided by 77.
76
What is the remainder when 842 is divided by 16?
10
Calculate the remainder when 182 is divided by 17.
12
What is the remainder when 339 is divided by 10?
9
What is the remainder when 12 is divided by 2?
0
What is the remainder when 222 is divided by 71?
9
Calculate the remainder when 35 is divided by 9.
8
What is the remainder when 218 is divided by 57?
47
Calculate the remainder when 58 is divided by 22.
14
What is the remainder when 568 is divided by 198?
172
Calculate the remainder when 444 is divided by 151.
142
Calculate the remainder when 793 is divided by 758.
35
What is the remainder when 556 is divided by 130?
36
Calculate the remainder when 413 is divided by 88.
61
Calculate the remainder when 734 is divided by 254.
226
What is the remainder when 85751 is divided by 72?
71
What is the remainder when 180 is divided by 52?
24
What is the remainder when 74 is divided by 19?
17
What is the remainder when 29069 is divided by 368?
365
What is the remainder when 91 is divided by 33?
25
What is the remainder when 321 is divided by 19?
17
What is the remainder when 51 is divided by 4?
3
Calculate the remainder when 17 is divided by 16.
1
What is the remainder when 1890 is divided by 38?
28
What is the remainder when 261 is divided by 6?
3
What is the remainder when 394 is divided by 160?
74
What is the remainder when 182 is divided by 35?
7
Calculate the remainder when 745 is divided by 32.
9
What is the remainder when 618 is divided by 4?
2
Calculate the remainder when 1852 is divided by 264.
4
Calculate the remainder when 305 is divided by 112.
81
What is the remainder when 789 is divided by 61?
57
Calculate the remainder when 979 is divided by 55.
44
Calculate the remainder when 1965 is divided by 16.
13
Calculate the remainder when 555 is divided by 181.
12
What is the remainder when 2343 is divided by 120?
63
What is the remainder when 512 is divided by 6?
2
Calculate the remainder when 1167 is divided by 25.
17
What is the remainder when 553 is divided by 37?
35
Calculate the remainder when 416 is divided by 85.
76
What is the remainder when 3290 is divided by 7?
0
What is the remainder when 90 is divided by 8?
2
Calculate the remainder when 243 is divided by 13.
9
What is the remainder when 299 is divided by 36?
11
What is the remainder when 489 is divided by 257?
232
Calculate the remainder when 5598 is divided by 10.
8
Calculate the remainder when 379 is divided by 47.
3
Calculate the remainder when 301 is divided by 27.
4
Calculate the remainder when 8033 i